03
In base 6, what is 1 - -21?
22
In base 5, what is 42 + -31?
11
In base 7, what is 0 - -543?
543
In base 4, what is -112 - -2010?
1232
In base 15, what is 9c + 2?
9e
In base 16, what is -35 + -a?
-3f
In base 13, what is -3 - 1c0?
-1c3
In base 16, what is 28d + -1?
28c
In base 11, what is -2 + 1459?
1457
In base 11, what is 4 + -90?
-87
In base 9, what is -1147 - 3?
-1151
In base 5, what is 14 + 101014?
101033
In base 8, what is -5 + 40?
33
In base 6, what is 220 + 13?
233
In base 11, what is 245 + 1a?
264
In base 9, what is -4 - -137?
133
In base 4, what is 3113 - 11?
3102
In base 15, what is 3a - -13?
4d
In base 7, what is 10 + -223?
-213
In base 11, what is 86 - 4?
82
In base 8, what is 0 - 500?
-500
In base 3, what is -210101 - 12?
-210120
In base 2, what is -1011 + 1011?
0
In base 13, what is -c53 - 4?
-c57
In base 16, what is -147 - 4?
-14b
In base 13, what is 116c - -1?
1170
In base 14, what is -600 - 5?
-605
In base 15, what is 2398 - 1?
2397
In base 14, what is 5 - 1a0?
-199
In base 13, what is 1 + -65?
-64
In base 8, what is 363 - 1?
362
In base 15, what is 90 - -5?
95
In base 8, what is 31 - 366?
-335
In base 2, what is 1110001 - -101?
1110110
In base 4, what is -12212 - 10?
-12222
In base 2, what is -1011001 - -10001?
-1001000
In base 16, what is 0 + -2?
-2
In base 14, what is -5 - 91?
-96
In base 11, what is 4 + 94?
98
In base 3, what is 11011 + -10?
11001
In base 14, what is -9 - -79?
70
In base 2, what is 100 - -111001111011?
111001111111
In base 10, what is 2 + -51?
-49
In base 16, what is 2312 - -4?
2316
In base 8, what is 5 - -20?
25
In base 2, what is -1001 + 10000?
111
In base 5, what is 23 + 23141?
23214
In base 9, what is 8 + 53?
62
In base 14, what is 7 - -3a1?
3a8
In base 16, what is 105 - -2?
107
In base 10, what is -100 + 328?
228
In base 3, what is 12 - -1202?
1221
In base 7, what is -5 - 20?
-25
In base 7, what is -33 + -35?
-101
In base 11, what is 1a - -1?
20
In base 4, what is -133303 + -3?
-133312
In base 14, what is -a0 - -1?
-9d
In base 7, what is 121440 + -5?
121432
In base 11, what is 90a8 + 2?
90aa
In base 3, what is -21000 - 11?
-21011
In base 10, what is 1 + -476?
-475
In base 8, what is 46342 + -4?
46336
In base 7, what is 50 - 11?
36
In base 9, what is 113 - 5?
107
In base 3, what is -11010 - 22211?
-110221
In base 13, what is -9c76 + 2?
-9c74
In base 11, what is 46 + -23?
23
In base 13, what is 7 + -46?
-3c
In base 14, what is -3594 - -3?
-3591
In base 14, what is -4 - -20?
1a
In base 15, what is 0 + -48?
-48
In base 16, what is ca9 - 4?
ca5
In base 15, what is -9 - c?
-16
In base 9, what is -11 - -17?
6
In base 15, what is -2 - 3c?
-3e
In base 5, what is 1101 + 130?
1231
In base 7, what is -1 - -6525?
6524
In base 8, what is -3 - 6?
-11
In base 8, what is -2 - -135?
133
In base 11, what is 3 + -6?
-3
In base 15, what is -9a - -16?
-84
In base 4, what is -1011033 + -10?
-1011103
In base 13, what is -12 - -c?
-3
In base 12, what is -4933 + 5?
-492a
In base 5, what is 1 + -410?
-404
In base 11, what is -7 - 7?
-13
In base 15, what is 2 + 0?
2
In base 8, what is 4026 - 0?
4026
In base 3, what is -1220 + -10112?
-12102
In base 7, what is -21 - -30?
6
In base 11, what is 6 - -115?
120
In base 8, what is -114 - -5?
-107
In base 12, what is -1 - -b55?
b54
In base 9, what is -63 - -3?
-60
In base 5, what is -1 + 123?
122
In base 11, what is 83 - -1?
84
In base 4, what is -213 - -120?
-33
In base 6, what is -22 + -20005?
-20031
In base 3, what is -20112 - -11?
-20101
In base 8, what is 12 - -26?
40
In base 9, what is 261 + -4?
256
In base 14, what is -7 - -38b?
384
In base 16, what is 202 + -5?
1fd
In base 15, what is -3844 + -5?
-3849
In base 14, what is 4 - 6d?
-69
In base 11, what is 15 + -11?
4
In base 14, what is 2 + -29?
-27
In base 12, what is -14b5 - 4?
-14b9
In base 15, what is 5b - e1?
-85
In base 13, what is -a80 - -5?
-a78
In base 11, what is 5 - 1235?
-1230
In base 14, what is -7 - -12?
9
In base 13, what is 5 - -202?
207
In base 10, what is -215 + 8?
-207
In base 4, what is -1321 - 21?
-2002
In base 4, what is -113132 + 13?
-113113
In base 9, what is 6 + -281?
-274
In base 11, what is 76 - 1?
75
In base 9, what is 3 - 76?
-73
In base 4, what is 201 + 32?
233
In base 4, what is -23 + 202?
113
In base 4, what is 1323120 + -11?
1323103
In base 10, what is -42 + -69?
-111
In base 3, what is 2 - -200?
202
In base 10, what is -2 - -437?
435
In base 13, what is 4 + 85?
89
In base 12, what is -34 - 5?
-39
In base 10, what is -41 + -1?
-42
In base 15, what is 1db + 2?
1dd
In base 12, what is 2a + -542?
-514
In base 10, what is 7 - 2?
5
In base 13, what is -1976 - -1?
-1975
In base 8, what is -6 - 22?
-30
In base 11, what is -51 - -2?
-4a
In base 9, what is 4 - 67?
-63
In base 3, what is -110 - 2112?
-2222
In base 15, what is -60 - -2?
-5d
In base 16, what is 4 + 161?
165
In base 4, what is 10211 + -3?
10202
In base 3, what is -11 - 1012?
-1100
In base 3, what is -120010222 + -11?
-120011010
In base 8, what is -636 - -6?
-630
In base 16, what is -367 + -7?
-36e
In base 8, what is -5122 + 5?
-5115
In base 2, what is -1110110100 - 0?
-1110110100
In base 5, what is 20001 - -2?
20003
In base 13, what is 8 - 3?
5
In base 8, what is 350 - 2?
346
In base 10, what is -3 + 23?
20
In base 13, what is 0 + 580?
580
In base 6, what is -115424 - -4?
-115420
In base 14, what is 1 - -27?
28
In base 13, what is -4 + 270a?
2706
In base 14, what is c + bda?
c08
In base 14, what is 97 - 7?
90
In base 13, what is 132 + -4?
12b
In base 6, what is 2 + 152?
154
In base 14, what is 1dd + 5?
204
In base 9, what is -22 + 1?
-21
In base 5, what is 14 - -404?
423
In base 6, what is 111 + 5?
120
In base 8, what is -12754 + 1?
-12753
In base 10, what is 252 + 1?
253
In base 4, what is 2323 - 11?
2312
In base 10, what is 102 + 18?
120
In base 5, what is 23420 + 23?
23443
In base 16, what is 35 + 8?
3d
In base 11, what is 1 - -1889?
188a
In base 4, what is -11131 + 22?
-11103
In base 13, what is 7 + -b?
-4
In base 13, what is 2 - 19?
-17
In base 12, what is -74 + -3?
-77
In base 12, what is 4 + 221?
225
In base 11, what is 260a + 0?
260a
In base 9, what is 5 - -45?
51
In base 5, what is -34231 - 4?
-34240
In base 7, what is 44 + -41?
3
In base 7, what is 123 + -4?
116
In base 6, what is -11 - -513?
502
In base 3, what is -1 - -222?
221
In base 13, what is -2268 + -3?
-226b
In base 13, what is -4 + 27?
23
In base 9, what is 1 + -127?
-126
In base 8, what is 2 - -15?
17
In base 7, what is -106 + -4?
-113
In base 11, what is 16 - 38?
-22
In base 4, what is -3233 + -2?
-3301
In base 14, what is -91 + -5?
-96
In base 6, what is -141 - 11?
-152
In base 13, what is 7 - 14?
-a
In base 14, what is -1 - 2c?
-2d
In base 16, what is -4 + 2f?
2b
In base 15, what is 6 - 38?
-32
In base 3, what is -20 + 211121?
211101
In base 6, what is -2 - 3151?
-3153
In base 4, what is 30332 + 10?
31002
In base 10, what is 2 + -55?
-53
In base 12, what is 1 - -331?
332
In base 6, what is -22 - -243?
221
In base 2, what is 101 - -1?
110
In base 5, what is 10 + 432?
442
In base 9, what is -21370 + -2?
-21372
In base 12, what is -3ba8 - -4?
-3ba4
In base 13, what is -3 + 68?
65
In base 8, what is 4 + 471?
475
In base 3, what is -202 - 211?
-1120
In base 6, what is 3 + 11544?
11551
In base 15, what is -2db + a?
-2d1
In base 3, what is -2 + 1002100?
1002021
In base 15, what is -30 - 0?
-30
In base 7, what is 20226 - -1?
20230
In base 11, what is 4a8 - -4?
501
In base 7, what is 6 - 14?
-5
In base 12, what is 33 + 2?
35
In base 7, what is -1 - 56?
-60
In base 7, what is 1 - 131?
-130
In base 8, what is -3 - 31?
-34
In base 2, what is 110010 + 1110?
1000000
In base 13, what is 6695 - -5?
669a
In base 6, what is 4443 + -12?
4431
In base 5, what is -2 - -12013?
12011
In base 7, what is 4505 - -4?
4512
In base 5, what is -2 - -122?
120
In base 2, what is -101011 - 110?
-110001
In base 13, what is -b - -443?
435
In base 12, what is -4792 + 4?
-478a
In base 10, what is -2 - -35?
33
In base 5, what is -20403 - 10?
-20413
In base 5, what is 1 + 30334?
30340
In base 12, what is 2029 - 12?
2017
In base 12, what is 2 - -34?
36
In base 5, what is -2 - -114?
112
In base 16, what is 4 - -afc?
b00
In base 14, what is -57 - -a7?
50
In base 12, what is 5 - -421?
426
In base 10, what i